{"id":815,"date":"2023-01-16T09:03:33","date_gmt":"2023-01-16T09:03:33","guid":{"rendered":"https:\/\/businessmax.com.pe\/?post_type=product&#038;p=815"},"modified":"2023-01-16T09:03:33","modified_gmt":"2023-01-16T09:03:33","slug":"tubos-schedule-sch-con-costura","status":"publish","type":"product","link":"https:\/\/businessmax.com.pe\/index.php\/producto\/tubos-schedule-sch-con-costura\/","title":{"rendered":"Tubos Schedule (SCH) Con Costura"},"content":{"rendered":"<p><b>Descripci\u00f3n<\/b><\/p>\n<p>Tubo para alta presi\u00f3n (SCH) fabricado con acero al carbono de calidad estructural, utilizando el sistema de soldadura de resistencia el\u00e9ctrica por inducci\u00f3n de alta frecuencia longitudinal (ERW).<\/p>\n<p><b>Denominaci\u00f3n<\/b><\/p>\n<p><span id=\"producto-denominacion\">TRED ERW SCH 40, TRED ERW SCH 80<\/span><\/p>\n<p><b>Normas t\u00e9cnicas<\/b><\/p>\n<p>&#8211; Propiedades Mec\u00e1nicas: Tubos de calidad trinorma: ASTM A53\/A53M, ASTM A106\/A106M y API 5L PSL 1. Dimensiones seg\u00fan ASTM A53.<\/p>\n<p>&#8211; Tolerancia Dimensional: ASTM A 53 \/A 53M<\/p>\n<p><b>Presentaci\u00f3n<\/b><\/p>\n<p><strong>1.-\u00a0Longitud:\u00a0SRL de 4.8 y 6.7m, DRL de 10.7m m\u00ednimo.\u00a0<\/strong><\/p>\n<p><strong>2.- Extremos:\u00a0<\/strong>Planos para di\u00e1metros\u00a0 menores de 2&#8243; y biselados para di\u00e1metros\u00a0&gt;2&#8243;.<\/p>\n<p><b>Uso<\/b><\/p>\n<p>Conducci\u00f3n de fluidos a alta temperatura y\/o presi\u00f3n en miner\u00eda, pesca, petr\u00f3leo, construcci\u00f3n y servicio en general.<\/p>\n","protected":false},"excerpt":{"rendered":"<p>Descripci\u00f3n Tubo para alta presi\u00f3n (SCH) fabricado con acero al carbono de calidad estructural, utilizando el sistema de soldadura de resistencia el\u00e9ctrica por inducci\u00f3n de alta frecuencia longitudinal (ERW). Denominaci\u00f3n TRED ERW SCH 40, TRED ERW SCH 80 Normas t\u00e9cnicas &#8211; Propiedades Mec\u00e1nicas: Tubos de calidad trinorma: ASTM A53\/A53M, ASTM A106\/A106M y API 5L PSL [&hellip;]<\/p>\n","protected":false},"featured_media":804,"comment_status":"open","ping_status":"closed","template":"","meta":[],"product_cat":[35],"product_tag":[],"class_list":["post-815","product","type-product","status-publish","has-post-thumbnail","hentry","product_cat-tubos-de-acero"],"_links":{"self":[{"href":"https:\/\/businessmax.com.pe\/index.php\/wp-json\/wp\/v2\/product\/815","targetHints":{"allow":["GET"]}}],"collection":[{"href":"https:\/\/businessmax.com.pe\/index.php\/wp-json\/wp\/v2\/product"}],"about":[{"href":"https:\/\/businessmax.com.pe\/index.php\/wp-json\/wp\/v2\/types\/product"}],"replies":[{"embeddable":true,"href":"https:\/\/businessmax.com.pe\/index.php\/wp-json\/wp\/v2\/comments?post=815"}],"wp:featuredmedia":[{"embeddable":true,"href":"https:\/\/businessmax.com.pe\/index.php\/wp-json\/wp\/v2\/media\/804"}],"wp:attachment":[{"href":"https:\/\/businessmax.com.pe\/index.php\/wp-json\/wp\/v2\/media?parent=815"}],"wp:term":[{"taxonomy":"product_cat","embeddable":true,"href":"https:\/\/businessmax.com.pe\/index.php\/wp-json\/wp\/v2\/product_cat?post=815"},{"taxonomy":"product_tag","embeddable":true,"href":"https:\/\/businessmax.com.pe\/index.php\/wp-json\/wp\/v2\/product_tag?post=815"}],"curies":[{"name":"wp","href":"https:\/\/api.w.org\/{rel}","templated":true}]}}