{"id":809,"date":"2023-01-16T09:00:53","date_gmt":"2023-01-16T09:00:53","guid":{"rendered":"https:\/\/businessmax.com.pe\/?post_type=product&#038;p=809"},"modified":"2023-01-16T09:00:53","modified_gmt":"2023-01-16T09:00:53","slug":"tubos-laminados-en-frio-laf-astm-a513","status":"publish","type":"product","link":"https:\/\/businessmax.com.pe\/index.php\/producto\/tubos-laminados-en-frio-laf-astm-a513\/","title":{"rendered":"Tubos Laminados en Fr\u00edo (LAF) ASTM A513"},"content":{"rendered":"<p><b>Descripci\u00f3n<\/b><\/p>\n<p>Tubo fabricado con acero al carbono laminado en fr\u00edo (LAF), utilizando el sistema de soldadura de resistencia el\u00e9ctrica por inducci\u00f3n de alta frecuencia longitudinal (ERW). Las secciones de fabricaci\u00f3n son redondas, cuadradas y rectangulares.<\/p>\n<p><b>Denominaci\u00f3n<\/b><\/p>\n<p><span id=\"producto-denominacion\">T LAF RED A513, T LAF CUA A513, T LAF REC A513.<\/span><\/p>\n<p><b>Normas t\u00e9cnicas<\/b><\/p>\n<p>Las dimensiones y espesores se fabrican seg\u00fan la norma ASTM A513 Tipo 2.<\/p>\n<p>Composici\u00f3n qu\u00edmica seg\u00fan ASTM A1008 &#8211; Acero Comercial<\/p>\n<p><b>Presentaci\u00f3n<\/b><\/p>\n<p>Longitud: 6.00 m. Otras longitudes a pedido. Acabado de extremos : Refrentado (plano), limpios de rebordes. Recubrimiento: Aceitado.<\/p>\n<p><b>Uso<\/b><\/p>\n<p>Tubos para uso en carpinter\u00eda met\u00e1lica en general<\/p>\n","protected":false},"excerpt":{"rendered":"<p>Descripci\u00f3n Tubo fabricado con acero al carbono laminado en fr\u00edo (LAF), utilizando el sistema de soldadura de resistencia el\u00e9ctrica por inducci\u00f3n de alta frecuencia longitudinal (ERW). Las secciones de fabricaci\u00f3n son redondas, cuadradas y rectangulares. Denominaci\u00f3n T LAF RED A513, T LAF CUA A513, T LAF REC A513. Normas t\u00e9cnicas Las dimensiones y espesores se [&hellip;]<\/p>\n","protected":false},"featured_media":808,"comment_status":"open","ping_status":"closed","template":"","meta":[],"product_cat":[35],"product_tag":[],"class_list":["post-809","product","type-product","status-publish","has-post-thumbnail","hentry","product_cat-tubos-de-acero"],"_links":{"self":[{"href":"https:\/\/businessmax.com.pe\/index.php\/wp-json\/wp\/v2\/product\/809","targetHints":{"allow":["GET"]}}],"collection":[{"href":"https:\/\/businessmax.com.pe\/index.php\/wp-json\/wp\/v2\/product"}],"about":[{"href":"https:\/\/businessmax.com.pe\/index.php\/wp-json\/wp\/v2\/types\/product"}],"replies":[{"embeddable":true,"href":"https:\/\/businessmax.com.pe\/index.php\/wp-json\/wp\/v2\/comments?post=809"}],"wp:featuredmedia":[{"embeddable":true,"href":"https:\/\/businessmax.com.pe\/index.php\/wp-json\/wp\/v2\/media\/808"}],"wp:attachment":[{"href":"https:\/\/businessmax.com.pe\/index.php\/wp-json\/wp\/v2\/media?parent=809"}],"wp:term":[{"taxonomy":"product_cat","embeddable":true,"href":"https:\/\/businessmax.com.pe\/index.php\/wp-json\/wp\/v2\/product_cat?post=809"},{"taxonomy":"product_tag","embeddable":true,"href":"https:\/\/businessmax.com.pe\/index.php\/wp-json\/wp\/v2\/product_tag?post=809"}],"curies":[{"name":"wp","href":"https:\/\/api.w.org\/{rel}","templated":true}]}}