{"id":783,"date":"2023-01-16T07:35:51","date_gmt":"2023-01-16T07:35:51","guid":{"rendered":"https:\/\/businessmax.com.pe\/?post_type=product&#038;p=783"},"modified":"2023-01-16T07:35:51","modified_gmt":"2023-01-16T07:35:51","slug":"angulos-de-alta-resistencia","status":"publish","type":"product","link":"https:\/\/businessmax.com.pe\/index.php\/producto\/angulos-de-alta-resistencia\/","title":{"rendered":"\u00c1ngulos de Alta Resistencia"},"content":{"rendered":"<p><b>Descripci\u00f3n<\/b><\/p>\n<p>Producto de acero laminado en caliente cuya secci\u00f3n transversal est\u00e1 formada por dos alas de igual longitud, en \u00e1ngulo recto.<\/p>\n<p><b>Denominaci\u00f3n<\/b><\/p>\n<p><span id=\"producto-denominacion\">ANG DUAL A36\/A572-G50.<\/span><\/p>\n<p><b>Normas t\u00e9cnicas<\/b><\/p>\n<p>&#8211; Composici\u00f3n Qu\u00edmica y Propiedades Mec\u00e1nicas: ASTM A36 \/ A36M, ASTM A572\/A572M, NTP 350.400 y NTP 350.408<\/p>\n<p>&#8211; Tolerancias Dimensionales: ASTM A6\/A6M y NTP 241.105<\/p>\n<p><b>Presentaci\u00f3n<\/b><\/p>\n<p>Se produce en longitudes de 6 metros. Se suministra en paquetes de 1 t.<\/p>\n<p><b>Uso<\/b><\/p>\n<p>Para la fabricaci\u00f3n de estructuras de acero en plantas industriales, almacenes, techados de grandes luces, industrial naval, carrocer\u00edas, torres de transmisi\u00f3n. Tambi\u00e9n se pueden utilizar para la fabricaci\u00f3n de puertas, ventanas, rejas, etc.<\/p>\n","protected":false},"excerpt":{"rendered":"<p>Descripci\u00f3n Producto de acero laminado en caliente cuya secci\u00f3n transversal est\u00e1 formada por dos alas de igual longitud, en \u00e1ngulo recto. Denominaci\u00f3n ANG DUAL A36\/A572-G50. Normas t\u00e9cnicas &#8211; Composici\u00f3n Qu\u00edmica y Propiedades Mec\u00e1nicas: ASTM A36 \/ A36M, ASTM A572\/A572M, NTP 350.400 y NTP 350.408 &#8211; Tolerancias Dimensionales: ASTM A6\/A6M y NTP 241.105 Presentaci\u00f3n Se produce [&hellip;]<\/p>\n","protected":false},"featured_media":770,"comment_status":"open","ping_status":"closed","template":"","meta":[],"product_cat":[26],"product_tag":[],"class_list":["post-783","product","type-product","status-publish","has-post-thumbnail","hentry","product_cat-perfiles-de-aceros"],"_links":{"self":[{"href":"https:\/\/businessmax.com.pe\/index.php\/wp-json\/wp\/v2\/product\/783","targetHints":{"allow":["GET"]}}],"collection":[{"href":"https:\/\/businessmax.com.pe\/index.php\/wp-json\/wp\/v2\/product"}],"about":[{"href":"https:\/\/businessmax.com.pe\/index.php\/wp-json\/wp\/v2\/types\/product"}],"replies":[{"embeddable":true,"href":"https:\/\/businessmax.com.pe\/index.php\/wp-json\/wp\/v2\/comments?post=783"}],"wp:featuredmedia":[{"embeddable":true,"href":"https:\/\/businessmax.com.pe\/index.php\/wp-json\/wp\/v2\/media\/770"}],"wp:attachment":[{"href":"https:\/\/businessmax.com.pe\/index.php\/wp-json\/wp\/v2\/media?parent=783"}],"wp:term":[{"taxonomy":"product_cat","embeddable":true,"href":"https:\/\/businessmax.com.pe\/index.php\/wp-json\/wp\/v2\/product_cat?post=783"},{"taxonomy":"product_tag","embeddable":true,"href":"https:\/\/businessmax.com.pe\/index.php\/wp-json\/wp\/v2\/product_tag?post=783"}],"curies":[{"name":"wp","href":"https:\/\/api.w.org\/{rel}","templated":true}]}}