{"id":782,"date":"2023-01-16T07:35:18","date_gmt":"2023-01-16T07:35:18","guid":{"rendered":"https:\/\/businessmax.com.pe\/?post_type=product&#038;p=782"},"modified":"2023-01-16T07:35:18","modified_gmt":"2023-01-16T07:35:18","slug":"barras-redondas-lisas","status":"publish","type":"product","link":"https:\/\/businessmax.com.pe\/index.php\/producto\/barras-redondas-lisas\/","title":{"rendered":"Barras Redondas Lisas"},"content":{"rendered":"<p><b>Descripci\u00f3n<\/b><\/p>\n<p>Producto laminado en caliente de secci\u00f3n circular, de superficie lisa y pulida (seg\u00fan requerimiento).<\/p>\n<p><b>Denominaci\u00f3n<\/b><\/p>\n<p><span id=\"producto-denominacion\">REDO LISO A36; REDO LISO SAE1045. REDO PULI A36;<\/span><\/p>\n<p><b>Normas t\u00e9cnicas<\/b><\/p>\n<p>&#8211; Composici\u00f3n Qu\u00edmica y Propiedades Mec\u00e1nicas: SAE J403 (1045), ASTM A36 \/ A36M, y NTP 350.400<\/p>\n<p><b>Presentaci\u00f3n<\/b><\/p>\n<p>&#8211; Se produce en longitudes de 6 metros. En otras longitudes solo a pedido del cliente.<\/p>\n<p>&#8211; Las barras de di\u00e1metros mayores a 1&#8243;, son suministradas en estado laminado en caliente y posteriormente pulidas (seg\u00fan requerimiento del cliente).<\/p>\n<p>&#8211; Se suministra en paquetones de 2 TM, los cuales est\u00e1n formados por 2 paquetes de 1 TM c\/u.<\/p>\n<p>&#8211; La calidad 1045 se identifica en los extremos, pintando la mitad de la secci\u00f3n con color negro.<\/p>\n<p>&#8211; La calidad A36 se identifica con los colores verde o verde y negro.<\/p>\n<p>&nbsp;<\/p>\n<p><strong>TOLERANCIAS DIMENSIONALES:<\/strong><\/p>\n<p>&#8211; Barras de di\u00e1metros &lt; a 1 1\/8&#8243;: ISO 1035\/4 y NTP 241.105.<\/p>\n<p>&#8211; Barras de di\u00e1metros &gt; a 1 1\/8&#8243;: ASTM A6 y NTP 241.105.<\/p>\n<p><b>Uso<\/b><\/p>\n<p>ASTM A36: Estructuras met\u00e1licas, puertas, ventanas, rejas, cercos, barras de transferencia para pavimento r\u00edgido, etc. Tambi\u00e9n para recalcado y mecanizado.<\/p>\n<p>SAE 1045: Pernos y tuercas por recalcado en caliente o mecanizado, ejes, pines, pasadores, etc.<\/p>\n","protected":false},"excerpt":{"rendered":"<p>Descripci\u00f3n Producto laminado en caliente de secci\u00f3n circular, de superficie lisa y pulida (seg\u00fan requerimiento). Denominaci\u00f3n REDO LISO A36; REDO LISO SAE1045. REDO PULI A36; Normas t\u00e9cnicas &#8211; Composici\u00f3n Qu\u00edmica y Propiedades Mec\u00e1nicas: SAE J403 (1045), ASTM A36 \/ A36M, y NTP 350.400 Presentaci\u00f3n &#8211; Se produce en longitudes de 6 metros. En otras longitudes [&hellip;]<\/p>\n","protected":false},"featured_media":773,"comment_status":"open","ping_status":"closed","template":"","meta":[],"product_cat":[26],"product_tag":[],"class_list":["post-782","product","type-product","status-publish","has-post-thumbnail","hentry","product_cat-perfiles-de-aceros"],"_links":{"self":[{"href":"https:\/\/businessmax.com.pe\/index.php\/wp-json\/wp\/v2\/product\/782","targetHints":{"allow":["GET"]}}],"collection":[{"href":"https:\/\/businessmax.com.pe\/index.php\/wp-json\/wp\/v2\/product"}],"about":[{"href":"https:\/\/businessmax.com.pe\/index.php\/wp-json\/wp\/v2\/types\/product"}],"replies":[{"embeddable":true,"href":"https:\/\/businessmax.com.pe\/index.php\/wp-json\/wp\/v2\/comments?post=782"}],"wp:featuredmedia":[{"embeddable":true,"href":"https:\/\/businessmax.com.pe\/index.php\/wp-json\/wp\/v2\/media\/773"}],"wp:attachment":[{"href":"https:\/\/businessmax.com.pe\/index.php\/wp-json\/wp\/v2\/media?parent=782"}],"wp:term":[{"taxonomy":"product_cat","embeddable":true,"href":"https:\/\/businessmax.com.pe\/index.php\/wp-json\/wp\/v2\/product_cat?post=782"},{"taxonomy":"product_tag","embeddable":true,"href":"https:\/\/businessmax.com.pe\/index.php\/wp-json\/wp\/v2\/product_tag?post=782"}],"curies":[{"name":"wp","href":"https:\/\/api.w.org\/{rel}","templated":true}]}}