{"id":778,"date":"2023-01-16T07:33:38","date_gmt":"2023-01-16T07:33:38","guid":{"rendered":"https:\/\/businessmax.com.pe\/?post_type=product&#038;p=778"},"modified":"2023-01-16T07:33:38","modified_gmt":"2023-01-16T07:33:38","slug":"platinas","status":"publish","type":"product","link":"https:\/\/businessmax.com.pe\/index.php\/producto\/platinas\/","title":{"rendered":"Platinas"},"content":{"rendered":"<p><b>Descripci\u00f3n<\/b><\/p>\n<p>Producto de acero que ha sido laminado en caliente en sus cuatro superficies, con una secci\u00f3n transversal rectangular. Tiene las superficies lisas.<\/p>\n<p><b>Denominaci\u00f3n<\/b><\/p>\n<p><span id=\"producto-denominacion\">PLAT A36.<\/span><\/p>\n<p><b>Normas t\u00e9cnicas<\/b><\/p>\n<p>&#8211; Propiedades Mec\u00e1nicas: ASTM A36\/A36M\u00a0<strong><em>y NTP 350.400<\/em><\/strong><\/p>\n<p>&#8211; Tolerancias Dimensionales:\u00a0<strong><em>ASTM A6\/A6M y NTP 241.105<\/em><\/strong><\/p>\n<p><b>Presentaci\u00f3n<\/b><\/p>\n<p>Se produce en barras de 6 metros de longitud. Se suministra en paquetes de 1 t.<\/p>\n<p><b>Uso<\/b><\/p>\n<p>En la fabricaci\u00f3n de estructuras met\u00e1licas, puertas, ventanas, rejas, piezas forjadas y otros.<\/p>\n","protected":false},"excerpt":{"rendered":"<p>Descripci\u00f3n Producto de acero que ha sido laminado en caliente en sus cuatro superficies, con una secci\u00f3n transversal rectangular. Tiene las superficies lisas. Denominaci\u00f3n PLAT A36. Normas t\u00e9cnicas &#8211; Propiedades Mec\u00e1nicas: ASTM A36\/A36M\u00a0y NTP 350.400 &#8211; Tolerancias Dimensionales:\u00a0ASTM A6\/A6M y NTP 241.105 Presentaci\u00f3n Se produce en barras de 6 metros de longitud. Se suministra en [&hellip;]<\/p>\n","protected":false},"featured_media":776,"comment_status":"open","ping_status":"closed","template":"","meta":[],"product_cat":[26],"product_tag":[],"class_list":["post-778","product","type-product","status-publish","has-post-thumbnail","hentry","product_cat-perfiles-de-aceros"],"_links":{"self":[{"href":"https:\/\/businessmax.com.pe\/index.php\/wp-json\/wp\/v2\/product\/778","targetHints":{"allow":["GET"]}}],"collection":[{"href":"https:\/\/businessmax.com.pe\/index.php\/wp-json\/wp\/v2\/product"}],"about":[{"href":"https:\/\/businessmax.com.pe\/index.php\/wp-json\/wp\/v2\/types\/product"}],"replies":[{"embeddable":true,"href":"https:\/\/businessmax.com.pe\/index.php\/wp-json\/wp\/v2\/comments?post=778"}],"wp:featuredmedia":[{"embeddable":true,"href":"https:\/\/businessmax.com.pe\/index.php\/wp-json\/wp\/v2\/media\/776"}],"wp:attachment":[{"href":"https:\/\/businessmax.com.pe\/index.php\/wp-json\/wp\/v2\/media?parent=778"}],"wp:term":[{"taxonomy":"product_cat","embeddable":true,"href":"https:\/\/businessmax.com.pe\/index.php\/wp-json\/wp\/v2\/product_cat?post=778"},{"taxonomy":"product_tag","embeddable":true,"href":"https:\/\/businessmax.com.pe\/index.php\/wp-json\/wp\/v2\/product_tag?post=778"}],"curies":[{"name":"wp","href":"https:\/\/api.w.org\/{rel}","templated":true}]}}