{"id":738,"date":"2023-01-16T06:56:08","date_gmt":"2023-01-16T06:56:08","guid":{"rendered":"https:\/\/businessmax.com.pe\/?post_type=product&#038;p=738"},"modified":"2023-01-16T06:56:08","modified_gmt":"2023-01-16T06:56:08","slug":"fierro-corrugado-4-7","status":"publish","type":"product","link":"https:\/\/businessmax.com.pe\/index.php\/producto\/fierro-corrugado-4-7\/","title":{"rendered":"Fierro Corrugado 4.7"},"content":{"rendered":"<p><b>Descripci\u00f3n<\/b><\/p>\n<p>Varillas de acero corrugadas obtenidas por laminado en fr\u00edo.<\/p>\n<p><b>Denominaci\u00f3n<\/b><\/p>\n<p><span id=\"producto-denominacion\">20<\/span><\/p>\n<p><b>Normas t\u00e9cnicas<\/b><\/p>\n<p>JIS G3532 \/ ASTM A496<\/p>\n<p><b>Presentaci\u00f3n<\/b><\/p>\n<p>Se suministra en paquetes de 50 varillas y en paquetones de 2 TM aproximadamente, formados por 34 paquetes de 50 varillas cada uno.<\/p>\n<p><b>Uso<\/b><\/p>\n<p>Para refuerzo de concreto armado y como refuerzo de temperatura en techos aligerados y muros.<\/p>\n","protected":false},"excerpt":{"rendered":"<p>Descripci\u00f3n Varillas de acero corrugadas obtenidas por laminado en fr\u00edo. Denominaci\u00f3n 20 Normas t\u00e9cnicas JIS G3532 \/ ASTM A496 Presentaci\u00f3n Se suministra en paquetes de 50 varillas y en paquetones de 2 TM aproximadamente, formados por 34 paquetes de 50 varillas cada uno. Uso Para refuerzo de concreto armado y como refuerzo de temperatura en [&hellip;]<\/p>\n","protected":false},"featured_media":739,"comment_status":"open","ping_status":"closed","template":"","meta":[],"product_cat":[32],"product_tag":[],"class_list":["post-738","product","type-product","status-publish","has-post-thumbnail","hentry","product_cat-fierros-de-construccion"],"_links":{"self":[{"href":"https:\/\/businessmax.com.pe\/index.php\/wp-json\/wp\/v2\/product\/738","targetHints":{"allow":["GET"]}}],"collection":[{"href":"https:\/\/businessmax.com.pe\/index.php\/wp-json\/wp\/v2\/product"}],"about":[{"href":"https:\/\/businessmax.com.pe\/index.php\/wp-json\/wp\/v2\/types\/product"}],"replies":[{"embeddable":true,"href":"https:\/\/businessmax.com.pe\/index.php\/wp-json\/wp\/v2\/comments?post=738"}],"wp:featuredmedia":[{"embeddable":true,"href":"https:\/\/businessmax.com.pe\/index.php\/wp-json\/wp\/v2\/media\/739"}],"wp:attachment":[{"href":"https:\/\/businessmax.com.pe\/index.php\/wp-json\/wp\/v2\/media?parent=738"}],"wp:term":[{"taxonomy":"product_cat","embeddable":true,"href":"https:\/\/businessmax.com.pe\/index.php\/wp-json\/wp\/v2\/product_cat?post=738"},{"taxonomy":"product_tag","embeddable":true,"href":"https:\/\/businessmax.com.pe\/index.php\/wp-json\/wp\/v2\/product_tag?post=738"}],"curies":[{"name":"wp","href":"https:\/\/api.w.org\/{rel}","templated":true}]}}