{"id":734,"date":"2023-01-16T06:54:52","date_gmt":"2023-01-16T06:54:52","guid":{"rendered":"https:\/\/businessmax.com.pe\/?post_type=product&#038;p=734"},"modified":"2023-01-16T06:54:53","modified_gmt":"2023-01-16T06:54:53","slug":"fierro-corrugado-astm-a615-grado-60","status":"publish","type":"product","link":"https:\/\/businessmax.com.pe\/index.php\/producto\/fierro-corrugado-astm-a615-grado-60\/","title":{"rendered":"Fierro Corrugado ASTM A615-Grado 60"},"content":{"rendered":"<p><b>Descripci\u00f3n<\/b><\/p>\n<p>Barras de acero rectas de secci\u00f3n circular, con resaltes Hi-bond de alta adherencia con el concreto.<\/p>\n<p><b>Denominaci\u00f3n<\/b><\/p>\n<p><span id=\"producto-denominacion\">50<\/span><\/p>\n<p><b>Normas t\u00e9cnicas<\/b><\/p>\n<p><span lang=\"ES\">Composici\u00f3n Qu\u00edmica, Propiedades Mec\u00e1nicas y Tolerancias dimensionales:<\/span><\/p>\n<p><span lang=\"ES\">&#8211;\u00a0<strong>Norma internacional<\/strong>\u00a0<strong>ASTM A615 Grado 60<\/strong><br \/>\n&#8211;\u00a0<strong>Norma T\u00e9cnica Peruana NTP 341.031\u00a0Grado 420.<\/strong><br \/>\n&#8211;\u00a0<strong>NTE E.060 CONCRETO ARMADO<\/strong><\/span><\/p>\n<p><b>Presentaci\u00f3n<\/b><\/p>\n<p>Se produce en barras de 9 m y 12 m de longitud en los siguientes di\u00e1metros: 6 mm, 8 mm, 3\/8&#8243;, 12 mm, 1\/2&#8243;, 5\/8&#8243;, 3\/4&#8243;, 1&#8243;, 1 3\/8&#8243;. Previo acuerdo, se puede producir en otros di\u00e1metros y longitudes requeridos por los clientes.<\/p>\n<p>Se suministra en paquetes de 2 toneladas y en varillas.<\/p>\n<p><b>Uso<\/b><\/p>\n<p>Se utilizan en la construcci\u00f3n de edificaciones de concreto armado de todo tipo: en viviendas, edificios, puentes, obras industriales, etc.<\/p>\n","protected":false},"excerpt":{"rendered":"<p>Descripci\u00f3n Barras de acero rectas de secci\u00f3n circular, con resaltes Hi-bond de alta adherencia con el concreto. Denominaci\u00f3n 50 Normas t\u00e9cnicas Composici\u00f3n Qu\u00edmica, Propiedades Mec\u00e1nicas y Tolerancias dimensionales: &#8211;\u00a0Norma internacional\u00a0ASTM A615 Grado 60 &#8211;\u00a0Norma T\u00e9cnica Peruana NTP 341.031\u00a0Grado 420. &#8211;\u00a0NTE E.060 CONCRETO ARMADO Presentaci\u00f3n Se produce en barras de 9 m y 12 m de [&hellip;]<\/p>\n","protected":false},"featured_media":735,"comment_status":"open","ping_status":"closed","template":"","meta":[],"product_cat":[32],"product_tag":[],"class_list":["post-734","product","type-product","status-publish","has-post-thumbnail","hentry","product_cat-fierros-de-construccion"],"_links":{"self":[{"href":"https:\/\/businessmax.com.pe\/index.php\/wp-json\/wp\/v2\/product\/734","targetHints":{"allow":["GET"]}}],"collection":[{"href":"https:\/\/businessmax.com.pe\/index.php\/wp-json\/wp\/v2\/product"}],"about":[{"href":"https:\/\/businessmax.com.pe\/index.php\/wp-json\/wp\/v2\/types\/product"}],"replies":[{"embeddable":true,"href":"https:\/\/businessmax.com.pe\/index.php\/wp-json\/wp\/v2\/comments?post=734"}],"wp:featuredmedia":[{"embeddable":true,"href":"https:\/\/businessmax.com.pe\/index.php\/wp-json\/wp\/v2\/media\/735"}],"wp:attachment":[{"href":"https:\/\/businessmax.com.pe\/index.php\/wp-json\/wp\/v2\/media?parent=734"}],"wp:term":[{"taxonomy":"product_cat","embeddable":true,"href":"https:\/\/businessmax.com.pe\/index.php\/wp-json\/wp\/v2\/product_cat?post=734"},{"taxonomy":"product_tag","embeddable":true,"href":"https:\/\/businessmax.com.pe\/index.php\/wp-json\/wp\/v2\/product_tag?post=734"}],"curies":[{"name":"wp","href":"https:\/\/api.w.org\/{rel}","templated":true}]}}