{"id":406,"date":"2023-01-04T09:29:49","date_gmt":"2023-01-04T09:29:49","guid":{"rendered":"https:\/\/businessmax.com.pe\/?post_type=product&#038;p=406"},"modified":"2023-01-16T06:37:12","modified_gmt":"2023-01-16T06:37:12","slug":"planchas-y-bobinas-laf","status":"publish","type":"product","link":"https:\/\/businessmax.com.pe\/index.php\/producto\/planchas-y-bobinas-laf\/","title":{"rendered":"Planchas y Bobinas LAF"},"content":{"rendered":"<p><b>Descripci\u00f3n<\/b><\/p>\n<p>Planchas y bobinas lisas de acero bajo en carbono, laminadas en fr\u00edo, calidad comercial.<\/p>\n<p><b>Denominaci\u00f3n<\/b><\/p>\n<p><span id=\"producto-denominacion\">PZL JISG 3302, BZLI JIS G 3302.<\/span><\/p>\n<p><b>Normas t\u00e9cnicas<\/b><\/p>\n<p>ASTM A1008\/A1008M Tipo B y Dimensiones seg\u00fan JIS G3141-2011<\/p>\n<p><b>Presentaci\u00f3n<\/b><\/p>\n<p>Acabado: Las planchas y bobinas laminadas en fr\u00edo son aceitadas con bordes de laminaci\u00f3n.<br \/>\nEmpaquetado de Planchas: Se entregan paquetes de 3TM.<br \/>\nBobinas: Se entregan con peso m\u00ednimo de 4TM aproximadamente.<\/p>\n<p><b>Uso<\/b><\/p>\n<p>En partes expuestas donde se requiere un buen acabado superficial; como por ejemplo: muebles, tubos, paneles, carrocer\u00edas, artefactos electrodom\u00e9sticos, etc.<\/p>\n","protected":false},"excerpt":{"rendered":"<p>Descripci\u00f3n Planchas y bobinas lisas de acero bajo en carbono, laminadas en fr\u00edo, calidad comercial. Denominaci\u00f3n PZL JISG 3302, BZLI JIS G 3302. Normas t\u00e9cnicas ASTM A1008\/A1008M Tipo B y Dimensiones seg\u00fan JIS G3141-2011 Presentaci\u00f3n Acabado: Las planchas y bobinas laminadas en fr\u00edo son aceitadas con bordes de laminaci\u00f3n. Empaquetado de Planchas: Se entregan paquetes [&hellip;]<\/p>\n","protected":false},"featured_media":407,"comment_status":"open","ping_status":"closed","template":"","meta":[],"product_cat":[24],"product_tag":[],"class_list":["post-406","product","type-product","status-publish","has-post-thumbnail","hentry","product_cat-planchas-y-bobinas"],"_links":{"self":[{"href":"https:\/\/businessmax.com.pe\/index.php\/wp-json\/wp\/v2\/product\/406","targetHints":{"allow":["GET"]}}],"collection":[{"href":"https:\/\/businessmax.com.pe\/index.php\/wp-json\/wp\/v2\/product"}],"about":[{"href":"https:\/\/businessmax.com.pe\/index.php\/wp-json\/wp\/v2\/types\/product"}],"replies":[{"embeddable":true,"href":"https:\/\/businessmax.com.pe\/index.php\/wp-json\/wp\/v2\/comments?post=406"}],"wp:featuredmedia":[{"embeddable":true,"href":"https:\/\/businessmax.com.pe\/index.php\/wp-json\/wp\/v2\/media\/407"}],"wp:attachment":[{"href":"https:\/\/businessmax.com.pe\/index.php\/wp-json\/wp\/v2\/media?parent=406"}],"wp:term":[{"taxonomy":"product_cat","embeddable":true,"href":"https:\/\/businessmax.com.pe\/index.php\/wp-json\/wp\/v2\/product_cat?post=406"},{"taxonomy":"product_tag","embeddable":true,"href":"https:\/\/businessmax.com.pe\/index.php\/wp-json\/wp\/v2\/product_tag?post=406"}],"curies":[{"name":"wp","href":"https:\/\/api.w.org\/{rel}","templated":true}]}}