{"id":392,"date":"2023-01-04T09:26:07","date_gmt":"2023-01-04T09:26:07","guid":{"rendered":"https:\/\/businessmax.com.pe\/?post_type=product&#038;p=392"},"modified":"2023-01-16T06:38:35","modified_gmt":"2023-01-16T06:38:35","slug":"xar-x-planchas-antidesgaste-450-bhn-500-bhn","status":"publish","type":"product","link":"https:\/\/businessmax.com.pe\/index.php\/producto\/xar-x-planchas-antidesgaste-450-bhn-500-bhn\/","title":{"rendered":"XAR x Planchas Antidesgaste 450 BHN \/ 500 BHN"},"content":{"rendered":"<p><b>Descripci\u00f3n<\/b><\/p>\n<p>Plancha de acero aleado de alta resistencia al desgaste, por abrasi\u00f3n, obtenido a trav\u00e9s de un proceso de tratamiento t\u00e9rmico de temple y revenido con el fin de lograr la dureza ideal para un trabajo espec\u00edfico.<\/p>\n<p><b>Denominaci\u00f3n<\/b><\/p>\n<p><span id=\"producto-denominacion\">XAR x Planchas Antidesgaste 450 BHN \/ 500 BHN<\/span><\/p>\n<p><b>Normas t\u00e9cnicas<\/b><\/p>\n<p>UNE-EN 10029:2011<br \/>\nHot-rolled steel plates 3 mm thick or above &#8211; Tolerances on dimensions<br \/>\nand shape.<\/p>\n<p><b>Presentaci\u00f3n<\/b><\/p>\n<p>Pueden suministrarse sueltas como enzunchadas con forro.<br \/>\nPeso de Planchas en paquetes de 3.0 t.<\/p>\n<p><b>Uso<\/b><\/p>\n<p>Chutes, tolvas, canaletas, cribas, zarandas, tolvas de cangilones, elementos de m\u00e1quinas trituradoras, cuchillas para motoniveladoras, cucharas\/cargadores frontales, en la industria, ciclones, baldes para chatarra, contenedores, carros compactadores, rodillos, deslizaderas, etc.<\/p>\n","protected":false},"excerpt":{"rendered":"<p>Descripci\u00f3n Plancha de acero aleado de alta resistencia al desgaste, por abrasi\u00f3n, obtenido a trav\u00e9s de un proceso de tratamiento t\u00e9rmico de temple y revenido con el fin de lograr la dureza ideal para un trabajo espec\u00edfico. Denominaci\u00f3n XAR x Planchas Antidesgaste 450 BHN \/ 500 BHN Normas t\u00e9cnicas UNE-EN 10029:2011 Hot-rolled steel plates 3 [&hellip;]<\/p>\n","protected":false},"featured_media":393,"comment_status":"open","ping_status":"closed","template":"","meta":[],"product_cat":[24],"product_tag":[],"class_list":["post-392","product","type-product","status-publish","has-post-thumbnail","hentry","product_cat-planchas-y-bobinas"],"_links":{"self":[{"href":"https:\/\/businessmax.com.pe\/index.php\/wp-json\/wp\/v2\/product\/392","targetHints":{"allow":["GET"]}}],"collection":[{"href":"https:\/\/businessmax.com.pe\/index.php\/wp-json\/wp\/v2\/product"}],"about":[{"href":"https:\/\/businessmax.com.pe\/index.php\/wp-json\/wp\/v2\/types\/product"}],"replies":[{"embeddable":true,"href":"https:\/\/businessmax.com.pe\/index.php\/wp-json\/wp\/v2\/comments?post=392"}],"wp:featuredmedia":[{"embeddable":true,"href":"https:\/\/businessmax.com.pe\/index.php\/wp-json\/wp\/v2\/media\/393"}],"wp:attachment":[{"href":"https:\/\/businessmax.com.pe\/index.php\/wp-json\/wp\/v2\/media?parent=392"}],"wp:term":[{"taxonomy":"product_cat","embeddable":true,"href":"https:\/\/businessmax.com.pe\/index.php\/wp-json\/wp\/v2\/product_cat?post=392"},{"taxonomy":"product_tag","embeddable":true,"href":"https:\/\/businessmax.com.pe\/index.php\/wp-json\/wp\/v2\/product_tag?post=392"}],"curies":[{"name":"wp","href":"https:\/\/api.w.org\/{rel}","templated":true}]}}